1143636.
31
What is the remainder when 1084258 is divided by 47?
15
What is the remainder when 39115 is divided by 544?
491
What is the remainder when 216137 is divided by 6645?
3497
Calculate the remainder when 19635 is divided by 276.
39
What is the remainder when 53538627 is divided by 1735?
1732
Calculate the remainder when 3891534 is divided by 267.
9
What is the remainder when 1038269 is divided by 259566?
5
Calculate the remainder when 5013412 is divided by 3501.
3481
What is the remainder when 30443841 is divided by 2217?
2214
What is the remainder when 30316113 is divided by 9093?
51
Calculate the remainder when 6348819 is divided by 22.
15
Calculate the remainder when 4425 is divided by 1580.
1265
What is the remainder when 19244250 is divided by 542?
540
What is the remainder when 2656041 is divided by 208?
89
Calculate the remainder when 16976 is divided by 4214.
120
Calculate the remainder when 19066433 is divided by 6355397.
242
Calculate the remainder when 17364543 is divided by 1184.
1183
What is the remainder when 747680 is divided by 229?
224
Calculate the remainder when 1030847 is divided by 118.
117
What is the remainder when 17024934 is divided by 8512448?
38
What is the remainder when 1262627 is divided by 227?
53
What is the remainder when 496679 is divided by 93?
59
Calculate the remainder when 564300746 is divided by 93.
89
What is the remainder when 19509778 is divided by 31?
21
What is the remainder when 149078 is divided by 1253?
1224
Calculate the remainder when 1163553957 is divided by 89.
86
What is the remainder when 584934 is divided by 153?
15
Calculate the remainder when 426409 is divided by 1066.
9
What is the remainder when 198287 is divided by 9769?
2907
What is the remainder when 5528072 is divided by 175?
172
Calculate the remainder when 114125 is divided by 229.
83
What is the remainder when 1574510 is divided by 545?
5
What is the remainder when 45327 is divided by 22384?
559
What is the remainder when 7975469 is divided by 315?
299
Calculate the remainder when 4589287 is divided by 486.
475
Calculate the remainder when 3947552 is divided by 1254.
1214
Calculate the remainder when 13557786 is divided by 968411.
32
Calculate the remainder when 706789 is divided by 326.
21
What is the remainder when 464687 is divided by 12?
11
What is the remainder when 262555 is divided by 5662?
2103
What is the remainder when 11285722 is divided by 34?
0
Calculate the remainder when 166998 is divided by 55605.
183
What is the remainder when 85159 is divided by 1943?
1610
What is the remainder when 512836 is divided by 51218?
656
Calculate the remainder when 701417 is divided by 31.
11
Calculate the remainder when 66138560 is divided by 218279.
23
Calculate the remainder when 13492336 is divided by 1780.
1716
Calculate the remainder when 234182 is divided by 232985.
1197
Calculate the remainder when 560094 is divided by 546.
444
Calculate the remainder when 90678 is divided by 11262.
582
Calculate the remainder when 5066867 is divided by 33779.
17
What is the remainder when 399938 is divided by 99?
77
Calculate the remainder when 6673023 is divided by 290127.
102
What is the remainder when 51240050 is divided by 2177?
1
Calculate the remainder when 61934 is divided by 8043.
5633
Calculate the remainder when 2727074 is divided by 395.
389
Calculate the remainder when 5086125 is divided by 35567.
44
What is the remainder when 1141700 is divided by 1884?
1880
What is the remainder when 287770958 is divided by 51?
41
Calculate the remainder when 136814 is divided by 663.
236
Calculate the remainder when 687432 is divided by 14019.
501
Calculate the remainder when 97025 is divided by 2558.
2379
What is the remainder when 734913 is divided by 180?
153
Calculate the remainder when 13870985 is divided by 38.
35
Calculate the remainder when 37159 is divided by 875.
409
What is the remainder when 4026 is divided by 47?
31
What is the remainder when 519027 is divided by 6654?
15
Calculate the remainder when 14031016 is divided by 12472.
16
What is the remainder when 301291809 is divided by 84?
21
Calculate the remainder when 153764 is divided by 77.
72
What is the remainder when 39441756 is divided by 326?
320
Calculate the remainder when 9887789 is divided by 16.
13
Calculate the remainder when 280869 is divided by 10663.
3631
Calculate the remainder when 22316730 is divided by 4.
2
Calculate the remainder when 53412 is divided by 818.
242
Calculate the remainder when 248710896 is divided by 2960844.
0
Calculate the remainder when 27306265 is divided by 85.
15
What is the remainder when 6465568 is divided by 67?
1
What is the remainder when 50055711 is divided by 775?
11
Calculate the remainder when 3103110 is divided by 3263.
3260
Calculate the remainder when 4780536 is divided by 44.
24
What is the remainder when 168820 is divided by 42093?
448
Calculate the remainder when 10813 is divided by 668.
125
Calculate the remainder when 958337 is divided by 6104.
9
What is the remainder when 8648140 is divided by 3556?
3504
What is the remainder when 2622863 is divided by 2957?
4
What is the remainder when 51347 is divided by 163?
2
Calculate the remainder when 440787 is divided by 219022.
2743
What is the remainder when 8439096 is divided by 4219545?
6
Calculate the remainder when 3767663 is divided by 937.
923
What is the remainder when 34624822 is divided by 164880?
22
Calculate the remainder when 12329898 is divided by 37706.
36
Calculate the remainder when 1000861 is divided by 125034.
589
What is the remainder when 5966506 is divided by 3991?
3952
What is the remainder when 203493991 is divided by 4319?
4306
What is the remainder when 62953 is divided by 31465?
23
Calculate the remainder when 9814902 is divided by 3271634.
0
Calculate the remainder when 154380 is divided by 51450.
30
What is the remainder when 3580129 is divided by 585?
514
What is the remainder when 7345996 is divided by 146?
6
What is the remainder when 3925966 is divided by 19?
15
Calculate the remainder when 10240555 is divided by 1399.
1274
Calculate the remainder when 27955147 is divided by 88.
11
Calculate the remainder when 489920 is divided by 345.
20
Calculate the remainder when 631595 is divided by 517.
338
Calculate the remainder when 48583809 is divided by 444.
441
Calculate the remainder when 99301 is divided by 2112.
37
Calculate the remainder when 5813785 is divided by 32.
25
Calculate the remainder when 8109981 is divided by 675831.
9
Calculate the remainder when 651832 is divided by 72424.
16
What is the remainder when 15734897 is divided by 1242?
1241
Calculate the remainder when 240156 is divided by 4213.
15
Calculate the remainder when 3132234 is divided by 7.
0
Calculate the remainder when 103800 is divided by 34573.
81
What is the remainder when 1481405 is divided by 493646?
467
What is the remainder when 852478 is divided by 121712?
494
Calculate the remainder when 225576236 is divided by 8.
4
What is the remainder when 1197591 is divided by 1156?
1131
What is the remainder when 2348512 is divided by 4632?
88
What is the remainder when 3130884 is divided by 1531?
1520
Calculate the remainder when 401525 is divided by 57254.
747
What is the remainder when 433800 is divided by 5943?
5904
Calculate the remainder when 133834 is divided by 4829.
3451
Calculate the remainder when 98576335 is divided by 338.
325
Calculate the remainder when 4602313 is divided by 33350.
13
Calculate the remainder when 190835 is divided by 7741.
5051
What is the remainder when 52393214 is divided by 3296?
3294
What is the remainder when 57035689 is divided by 249?
247
What is the remainder when 506822 is divided by 130?
82
What is the remainder when 1003689 is divided by 33456?
9
What is the remainder when 473141 is divided by 236562?
17
What is the remainder when 7490942 is divided by 137?
56
What is the remainder when 911671 is divided by 535?
31
Calculate the remainder when 3953058 is divided by 330.
318
What is the remainder when 12673982 is divided by 722?
716
What is the remainder when 894775 is divided by 1685?
40
What is the remainder when 7920756 is divided by 958?
12
Calculate the remainder when 576294 is divided by 1024.
806
What is the remainder w